{"id":440,"date":"2022-04-10T22:05:31","date_gmt":"2022-04-10T22:05:31","guid":{"rendered":"https:\/\/demo.profdrahmetkale.com\/?page_id=440"},"modified":"2022-04-10T22:06:09","modified_gmt":"2022-04-10T22:06:09","slug":"laparoskopik-jinekolojik-cerrahi","status":"publish","type":"page","link":"https:\/\/profdrahmetkale.com\/index.php\/laparoskopik-jinekolojik-cerrahi\/","title":{"rendered":"Laparoskopik Jinekolojik Cerrahi"},"content":{"rendered":"<div class=\"vc_separator vc_text_separator vc_separator_align_left vc_sep_width_100 vc_sep_pos_align_center\">\n<h4 style=\"text-align: justify;\">J\u0130NEKOLOJ\u0130K LAPAROSKOP\u0130 NED\u0130R?<\/h4>\n<\/div>\n<div class=\"wpb_text_column wpb_content_element \" style=\"text-align: justify;\">\n<div class=\"wpb_wrapper\">\n<p>Laparoskopi son 30 y\u0131ld\u0131r jinekolojide kullan\u0131lan a\u00e7\u0131k cerrahiye alternatif bir cerrahi y\u00f6ntemdir. Laparoskopide hastan\u0131n karn\u0131na bakmak i\u00e7in a\u00e7\u0131k cerrahide oldu\u011fu gibi b\u00fcy\u00fck kesiler yerine k\u00fc\u00e7\u00fck bir delikten sokulan bir kamera kullan\u0131l\u0131r. H\u0131zl\u0131 iyile\u015fme s\u00fcresi, \u00e7ok az a\u011fr\u0131 olmas\u0131, hastanede kal\u0131\u015f s\u00fcresinin k\u0131sa olmas\u0131 ve daha iyi kozmetik sonu\u00e7lar laparoskopik cerrahinin hastalar ve cerrahlar i\u00e7in tercih edilmesine yolacm\u0131\u015ft\u0131r. Ayn\u0131 zamanda g\u00f6r\u00fcnt\u00fcn\u00fcn kalitesi ve b\u00fcy\u00fctme \u00f6zelli\u011fi ve daha az komplikasyon riskinin olmas\u0131 laparoskopik cerrahinin, jinekolojide geni\u015f kullan\u0131m\u0131na yola\u00e7m\u0131\u015ft\u0131r. Laparoskopi, t\u00fcp ligasyonu, over kistlerinin \u00e7\u0131kart\u0131lmas\u0131, di\u015f gebelik ameliyatlar\u0131, kronik pelvik a\u011fr\u0131n\u0131n tedavisi, k\u0131s\u0131rl\u0131k, endometriozis ve \u00e7ikolata kistlerinin tedavisi myomektomi, histerektomi, rahim sarkmas\u0131 ve idrar ka\u00e7\u0131rma ameliyatlar\u0131 ve hatta jinekolojik kanser ameliyatlar\u0131 gibi jinekolojik ameliyatlar\u0131n b\u00fcy\u00fck bir k\u0131sm\u0131nda ilk tercih olmu\u015ftur. Elbetteki laparoskopin\u0131n b\u00fct\u00fcn bu avantajlar\u0131n\u0131n yan\u0131nda di\u011fer cerrahi y\u00f6ntemlerde oldu\u011fu gibi riskleri ve komplikasyonlar\u0131 da vard\u0131r. \u00d6zellikle deneyimsiz merkezlerde ciddi damar ve barsak komplikasyonlar\u0131 olabilir. Bu nedenle hasta se\u00e7iminin ve haz\u0131rl\u0131\u011f\u0131n\u0131n \u00e7ok iyi yap\u0131lmas\u0131 gerekir.<\/p>\n<\/div>\n<\/div>\n<div class=\"vc_separator vc_text_separator vc_separator_align_left vc_sep_width_100 vc_sep_pos_align_center\" style=\"text-align: justify;\">\n<h4>KULLANILAN TEKN\u0130K VE ENSTR\u00dcMANLAR<\/h4>\n<\/div>\n<div class=\"wpb_text_column wpb_content_element \" style=\"text-align: justify;\">\n<div class=\"wpb_wrapper\">\n<p>Laparoskopi, her zaman genel anestezi alt\u0131nda yap\u0131l\u0131r. Buna ra\u011fmen ameliyat\u0131n tipine g\u00f6re ayn\u0131 g\u00fcn veya ertesi g\u00fcn evinize gidebilirsiniz.<\/p>\n<p>Laparoskopide kullan\u0131lan en temel alet endoskoptur (Kamera). De\u011fi\u015eik boyutlarda (10 mm, 5 mm, 3 mm) olabilir ve 0 ve 30 derecelik g\u00f6r\u00fc\u015f a\u00e7\u0131lar\u0131 vard\u0131r. Klasik olarak \u00f6ncelikle verres i\u011fnesi ile genellikle g\u00f6bek deli\u011finden kar\u0131n bo\u015flu\u011funa girilir ve i\u00e7erisi CO2 gaz\u0131 ile 4-5 lt \u015fi\u015firilir. \u0130\u00e7erideki bas\u0131n\u00e7 12-15 mmHg olacak \u015fekilde gaz ak\u0131\u015f\u0131 devam eder. Daha sonra endoskop i\u00e7in 10 mm\u2019lik trocar g\u00f6bek deli\u011fine yerle\u015ftirilir. Bu trocar i\u00e7inden \u00fczerinde bir kamera ve \u0131\u015f\u0131k kayna\u011f\u0131 olan endoskop bat\u0131n i\u00e7ine ilerletilir. G\u00f6r\u00fcnt\u00fc 2 veya 3 boyutlu bir ekrana yans\u0131t\u0131l\u0131r. Cerrah organlar\u0131 endoskopun b\u00fcy\u00fctme ve yak\u0131nla\u015ft\u0131rma \u00f6zelli\u011fini de kullanarak net bir \u015fekilde g\u00f6rebilir. Daha sonra laparoskopik cerrahi aletler i\u00e7in 2 veya 3 adet 5 mm\u2019lik trokar kamera g\u00f6r\u00fcnt\u00fcs\u00fc e\u015fli\u011finde yerle\u015ftirilir. Yap\u0131lacak cerrahinin gereksinimine g\u00f6re de\u011fi\u015fik forsepsler\u00a0(dissecting ve grasping, travrmatik veya atravmatik), e\u011fri veya d\u00fcz u\u00e7lu makaslar kullan\u0131l\u0131r. Ayr\u0131ca dokular\u0131 kesmek ve koagule etmek i\u00e7in de\u011fi\u015fik enerji tipleri (monopolar, bipolar, ultracision, ligasure ve di\u011fer damar kapama aletleri), damar kapatmak i\u00e7in ligaklipler, y\u0131kama ve temizlemek i\u00e7in suction-irrigation kanulleri, dokular\u0131 k\u00fc\u00e7\u00fck par\u00e7alar halinde \u00e7\u0131karmak i\u00e7in morcellator, dokular\u0131 \u00e7\u0131kartabilmek i\u00e7in torbalar, diki\u015f atabilmek i\u00e7in gerekli cerrahi aletler kullan\u0131l\u0131r. Ameliyat bittikten sonra kar\u0131n bo\u015flu\u011fundaki gaz bo\u015falt\u0131l\u0131r aletler ve trokarlar \u00e7ekilir ve 1 cm\u2019den k\u00fc\u00e7\u00fck delikler diki\u015flerle kapat\u0131l\u0131r.<\/p>\n<\/div>\n<\/div>\n<div class=\"vc_separator vc_text_separator vc_separator_align_left vc_sep_width_100 vc_sep_pos_align_center\" style=\"text-align: justify;\">\n<h4>HASTANIN HAZIRLANMASI VE POZ\u0130SYON<\/h4>\n<\/div>\n<div class=\"wpb_text_column wpb_content_element \" style=\"text-align: justify;\">\n<div class=\"wpb_wrapper\">\n<p>Jinekolojik laparoskopiden (L\/S) \u00f6nce di\u011fer t\u00fcm operasyonlardaki gibi tam bir anamnez al\u0131nmal\u0131 ve fizik muayene yap\u0131lmal\u0131d\u0131r. Hastada ciddi kardiyopulmoner hastal\u0131k, abdominal ve diafragmatik herniler, ileus, gebelik ekarte edilmeli, varsa intraabdominal kitle b\u00fcy\u00fckl\u00fc\u011f\u00fc ve mevcut skarlar tespit edilmelid\u0131r. Operasyon \u00f6ncesi tam kan, biyokimya tetkikleri, servikovajinal k\u00fclt\u00fcrler, daha \u00f6nceden yap\u0131lmam\u0131\u015f ise pap smear testi yap\u0131lmal\u0131d\u0131r. Hastaya yap\u0131lacak i\u015flemle ilgili bilgi verilmeli, yararlar ve olas\u0131 komplikasyonlar konusunda bilgilend\u0131rildi\u011fine ve onay verdi\u011fine ili\u015fkin form imzalat\u0131lmal\u0131d\u0131r.<\/p>\n<p>Cerrahi s\u0131ras\u0131nda kullan\u0131lacak t\u00fcm aletlerin uygun ve \u00e7al\u0131\u015f\u0131r durumda olmas\u0131 cerrah\u0131n sorumlulu\u011fundad\u0131r. I\u015f\u0131k kayna\u011f\u0131 ve insuflat\u00f6r test edilmeli, yeterli CO2 gaz\u0131 oldu\u011fu kontrol edilmelid\u0131r. Diagnostik laparoskopiler i\u00e7in 3-5 litre gaz yeterli olmakta, operatif uygulamalarda ise daha fazla CO2 ve y\u00fcksek h\u0131zl\u0131 insuflat\u00f6r gerekmekted\u0131r. Ak\u0131m\u0131n bas\u0131nc\u0131 15 mmHg s\u0131n\u0131r\u0131n\u0131 a\u015fmamal\u0131d\u0131r. Hastan\u0131n operasyondan \u00f6nceki gece barsak temizli\u011fi yap\u0131lmal\u0131, operasyondan hemen \u00f6nce hasta taraf\u0131ndan veya ameliyat masas\u0131nda mesane katater yard\u0131m\u0131yla bo\u015falt\u0131lmal\u0131d\u0131r. Hastada en az alt\u0131 saatlik a\u00e7l\u0131k uygulanacak anestezi bak\u0131m\u0131ndan \u00f6nemlid\u0131r. Operasyon b\u00f6lgesine dahil alanlardaki k\u0131llar\u0131n temizli\u011fi yap\u0131lm\u0131\u015f olmal\u0131d\u0131r. Profilaktik antibiyotik uygulamas\u0131 hekimin tercihi ve yap\u0131lacak i\u015flemin b\u00fcy\u00fckl\u00fc\u011f\u00fcne ba\u011fl\u0131 olarak de\u011fi\u015fmekted\u0131r. \u0130nsuflasyona ba\u011fl\u0131 olarak ven\u00f6z d\u00f6n\u00fc\u015f azal\u0131p staz olaca\u011f\u0131ndan e\u011fer hasta risk fakt\u00f6rleri ta\u015f\u0131yor ise derin ven trombozu a\u00e7\u0131s\u0131ndan profilaksisi yap\u0131lmal\u0131 ve varis \u00e7orab\u0131 ameliyat \u00f6ncesi giyd\u0131rilmelid\u0131r.<\/p>\n<p>Ameliyat i\u00e7in gerekli olan pozisyon (dorsal litotomi pozisyonu) hasta ent\u00fcbe edildikten sonra, e\u011fitimli personel taraf\u0131ndan, bas\u0131ya ba\u011fl\u0131 sinir yaralanmalar\u0131n\u0131 engelleyecek \u015fekilde verilmelid\u0131r. Bacaklar simetrik \u015fekilde abduksuyona al\u0131nmal\u0131, hastan\u0131n gluteal b\u00f6lgesi masan\u0131n alt ucundan 4-5 cm ta\u015facak \u015fekilde dorsal litotomide olmal\u0131d\u0131r. Bacakl\u0131klar operasyon s\u0131ras\u0131nda hareket ettirilebilir olursa cerrah i\u00e7in kolayl\u0131k sa\u011flar, \u00e7ok \u00e7e\u015fitli markalarda bacakl\u0131klar mevcuttur. Cerrah sa\u011f elini kullan\u0131yorsa hastan\u0131n sol taraf\u0131nda durmal\u0131 ve hastaya damar yolu sa\u011f kolundan a\u00e7\u0131lmal\u0131d\u0131r. Brakial pleksus ve sinir hasar\u0131n\u0131 \u00f6nlemek bak\u0131m\u0131ndan kullan\u0131lmayan kol hastan\u0131n yan\u0131nda durabilir. \u0130\u015flem s\u0131ras\u0131nda koter kullan\u0131lacaksa ground-plate hastan\u0131n kal\u00e7as\u0131na yap\u0131\u015ft\u0131r\u0131lmal\u0131d\u0131r. Trendelenburg pozisyonu ve e\u011fimin art\u0131r\u0131lmas\u0131 cerrah\u0131n pelvik g\u00f6zlem i\u00e7in ihtiyac\u0131na g\u00f6re ayarlan\u0131r. Gerekli ameliyat alan\u0131n\u0131n ioadj\u0131 ve \u00f6rt\u00fclmesi ile i\u015fleme ba\u015flanabilir. Cerrah\u0131n deneyimi t\u00fcm operasyon i\u00e7in en \u00f6nemli \u00f6n \u015fartt\u0131r. Cerrah d\u0131\u015f\u0131nda di\u011fer t\u00fcm personelin de L\/S i\u00e7in deneyimli ve e\u011fitimli olmas\u0131 gerekmekted\u0131r. Monit\u00f6r genellikle \u0131\u015f\u0131k kayna\u011f\u0131 ve video kay\u0131t cihaz\u0131n\u0131n da \u00fczerinde yerle\u015ftirilmi\u015f oldu\u011fu tekerlekli bir kabin i\u00e7inde yerle\u015ftirilmi\u015ftir. B\u00fcy\u00fck cerrahi i\u015flemler i\u00e7in ikinci bir monit\u00f6r asistan ve hem\u015firen\u0131n g\u00f6rebilece\u011fi \u015fekilde yerle\u015ftirilebilir. Aspirasyon-y\u0131kama cihazlar\u0131 elektrocerrahi \u00fcnitelerinden uzakta olmal\u0131d\u0131r.<\/p>\n<p>S\u0131kl\u0131kla insuflasyon verres i\u011fnesi ile yap\u0131l\u0131r ve primer trokarlar ve kan\u00fcller pnomoperitoneum olu\u015fturduktan sonra uygulan\u0131r. Kimi operat\u00f6rler taraf\u0131ndan d\u0131rekt trokar insuflasyonu yap\u0131lsa da skar\u0131 olan, \u00e7ok zay\u0131f ve bat\u0131nda kitlesi olan hastalar i\u00e7in tehlikelid\u0131r, Operasyon zaman\u0131n\u0131 ancak birka\u00e7 dakika k\u0131salt\u0131r. Daha \u00f6nceki operasyonlara ba\u011fl\u0131 skarlar verres i\u011fnesin\u0131n uygulanaca\u011f\u0131 yeri etkiler. Midede anestezi s\u0131ras\u0131nda olu\u015fan distansiyon trokar giri\u015finde mide perforasyonuna neden olabilece\u011fi i\u00e7in mideye ge\u00e7ici nazogastrik sonda uygulanabilir.<\/p>\n<p>Verres i\u011fnesi peritonun abdominal duvara yap\u0131\u015f\u0131k oldu\u011fu intraabdominal b\u00f6lgeye uygulan\u0131r. \u0130\u011fne simpisisin 5 cm \u00fczerinden umblikusa kadar orta hatta veya rektusun lateralinde sa\u011f ve sol McBurney noktas\u0131nda uygulanabilir. Verres i\u011fnesi bazen peritona penetre olmadan preperitoneal b\u00f6lgede kal\u0131r ve buray\u0131 \u015fi\u015firir. Bu nedenle insuflasyona ba\u015flamadan \u00f6nce verres i\u011fnesin\u0131n peritoneal kavite i\u00e7inde oldu\u011fundan emin olunmal\u0131d\u0131r. Ba\u015fka bir uygulama alan\u0131 sol \u00fcst kadranda rektusun lateralinde sol kostal s\u0131n\u0131r\u0131n iki parmak alt\u0131d\u0131r. Ancak en s\u0131k uygulama intraumblikal b\u00f6lged\u0131r. Bu b\u00f6lgeye trokar\u0131nda girebilece\u011fi \u015fekilde sadece cildi i\u00e7eren insizyon yap\u0131l\u0131r. Cerrah i\u011fneyi bat\u0131na girece\u011fi tehmini mesafeyi hesaplayarak tutmal\u0131d\u0131r. \u0130\u011fne sakrum bo\u015flu\u011funa do\u011fru 45 derecelik a\u00e7\u0131 ile girmelid\u0131r. \u0130\u011fnenin yerinde oldu\u011funu konfirme etmek i\u00e7in \u015f\u0131r\u0131nga testi yap\u0131labilir.\u00a0 Enjekt\u00f6r geri \u00e7ekildi\u011finde gaz veya kan gelmemelid\u0131r, daha sonra salin solusyonu i\u011fneye verilir, tekrar geri \u00e7ekildi\u011finde verilen s\u0131v\u0131 geri gelmemelid\u0131r.\u00a0 E\u011fer barsak veya preperitoneal b\u00f6lgeye girilmi\u015f ise s\u0131v\u0131 geri gelecektir. \u0130nsuflasyon verres i\u011fnesin\u0131n do\u011fru yerde oldu\u011fundan emin olunduktan sonra gaz 5-10 mmHg aral\u0131\u011f\u0131nda bir bas\u0131n\u00e7la verilmelid\u0131r. Daha y\u00fcksek bas\u0131n\u00e7 de\u011ferleri olursa preperitoneal\u00a0 b\u00f6lgede veya intraabdominal bir viscus i\u00e7inde, omentumda olma ihtimallerine kar\u015f\u0131n tekrar de\u011ferlend\u0131rme gerekir. Bas\u0131nc\u0131n y\u00fcksek oldu\u011fu durumlarda alt abdominal duvar elle tutularak yukar\u0131 kald\u0131r\u0131l\u0131r ya da i\u011fnen\u0131n a\u00e7\u0131s\u0131 de\u011fi\u015ftirilir. Bu manevralar\u0131n ba\u015far\u0131s\u0131z olmas\u0131 durumunda i\u011fne \u00e7\u0131kar\u0131l\u0131p tekrar girilmelid\u0131r. Bat\u0131na verilen gaz miktar\u0131 ortalama 2-5 ltd\u0131r. Gaz miktar\u0131 anestezin\u0131n derinli\u011fine, hastan\u0131n boyutuna, kullan\u0131lacak trokarlar\u0131n boyutuna ba\u011fl\u0131d\u0131r. Bat\u0131n \u015fi\u015firildikten sonra i\u011fne \u00e7ekilmelid\u0131r. Verres i\u011fnesin\u0131n sokulmas\u0131 i\u00e7in alternatif b\u00f6lgeler, daha \u00f6nceden cerrahi skar\u0131 olan hastalarda denenbilir<\/p>\n<p>Pn\u00f6moperitoneum sa\u011fland\u0131ktan sonraki basamak teleskopun i\u00e7inden ge\u00e7ece\u011fi trokarlar\u0131 ve kan\u00fclleri sokmakt\u0131r. Bu basamakta kontrols\u00fcz ve fazla g\u00fc\u00e7 kullanmak komplikasyonlara yol a\u00e7abilir. Fazla g\u00fc\u00e7 gereksiniminin nedenleri, cilt insizyonun yeteri kadar b\u00fcy\u00fck olmamas\u0131, trokar\u0131n \u00e7ap\u0131d\u0131r. Keskin trokarlar k\u00fcnt olanlardan daha rahat girer. Trokar dominant elimizin avucuna oturtularak sakrum \u00e7ukuruna do\u011fru 45 derecelik a\u00e7\u0131yla sokulmal\u0131d\u0131r. Daha \u00f6nceden kameraya ve \u0131\u015f\u0131k kayna\u011f\u0131na ba\u011flanm\u0131\u015f olan teleskop trokarlar\u0131n kan\u00fcl\u00fcnde abdominal kaviteye sokulur. Kaviteye teleskop sokulduktan sonra cerrah bat\u0131n i\u00e7i organlara bir travma olmad\u0131\u011f\u0131ndan emin olmal\u0131 ve sistematik diagnostik prosed\u00fcre ba\u015flanmal\u0131d\u0131r. Daha iyi pelvik g\u00f6r\u00fcnt\u00fc i\u00e7in hasta trendelenburg pozisyonuna al\u0131nmal\u0131d\u0131r.<\/p>\n<\/div>\n<\/div>\n<div class=\"vc_separator vc_text_separator vc_separator_align_left vc_sep_width_100 vc_sep_pos_align_center\" style=\"text-align: justify;\">\n<h4>LAPAROSKOP\u0130 END\u0130KASYONLARI<\/h4>\n<\/div>\n<div class=\"wpb_text_column wpb_content_element \" style=\"text-align: justify;\">\n<div class=\"wpb_wrapper\">\n<p>Laparoskopi, hem tan\u0131sal hem de tedavi amac\u0131yla kullan\u0131labilir.<br \/>\nLaparoskopin\u0131n kullan\u0131ld\u0131\u011f\u0131 alanlar:<\/p>\n<\/div>\n<\/div>\n<div class=\"vc_row wpb_row vc_inner row\" style=\"text-align: justify;\">\n<div class=\"vc_column_container col-md-6\">\n<div class=\"wpb_wrapper vc_column-inner\">\n<div class=\"vc_separator vc_text_separator vc_separator_align_left vc_sep_width_100 vc_sep_pos_align_center\">\n<h4>Tedavi ama\u00e7l\u0131 ;<\/h4>\n<\/div>\n<div class=\"wpb_text_column wpb_content_element \">\n<div class=\"wpb_wrapper\">\n<p>Endometriozis<br \/>\nMyoma uteri<br \/>\nOver kistleri ve tumorleri<br \/>\nEktopik (dis ) gebelik<br \/>\nPelvik ve tuboovarian abse<br \/>\nInfertilite (kisirlik )<br \/>\nRahim veya vajen sarkmasi ve idrar kacirma<br \/>\nJinekolojik kanserler<\/p>\n<\/div>\n<\/div>\n<\/div>\n<\/div>\n<div class=\"vc_column_container col-md-6\">\n<div class=\"wpb_wrapper vc_column-inner\">\n<div class=\"vc_separator vc_text_separator vc_separator_align_left vc_sep_width_100 vc_sep_pos_align_center\">\n<h4>Laparoskopik olarak yap\u0131lan ameliyatlar ;<\/h4>\n<\/div>\n<div class=\"wpb_text_column wpb_content_element \">\n<div class=\"wpb_wrapper\">\n<p>Laparoskopik histerektomi (rahiumin \u00e7\u0131kart\u0131lmas\u0131)<br \/>\nLaparoskopik ooforektomi<br \/>\nLaparoskopik salpenjektomi<br \/>\nLaparoskopik myomektomi<br \/>\nLaparoskopik adezyolizis<br \/>\nLaparoskopik tup ligasyonu<br \/>\nLaparoskopik tuplerin acilmasi<br \/>\nLaparoskopik sakrokolpopeksi<br \/>\nLaparoskopik burch<br \/>\nLaparoskopik uterosakral sinir ablasyonu (LUNA )<br \/>\nLaparoskopik radikal histerektomi<br \/>\nLaparoskopik lenfadenektomi<\/p>\n<\/div>\n<\/div>\n<\/div>\n<\/div>\n<\/div>\n<div class=\"vc_separator vc_text_separator vc_separator_align_left vc_sep_width_100 vc_sep_pos_align_center\" style=\"text-align: justify;\">\n<h4>LAPAROSKOP\u0130DEN SONRA \u0130Y\u0130LE\u015eME<\/h4>\n<\/div>\n<div class=\"wpb_text_column wpb_content_element \">\n<div class=\"wpb_wrapper\">\n<p style=\"text-align: justify;\">Laparoskopik ameliyattan sonra anestezin\u0131n etkileri ge\u00e7ene kadar yo\u011fun bak\u0131mda tutulduktan sonra hasta odan\u0131za \u00e7\u0131kars\u0131n\u0131z. Vital bulgular\u0131n\u0131z hem\u015fireler taraf\u0131ndan kontrol edilir.\u00a0 4-6 saat a\u011f\u0131zdan birsey almayaca\u011f\u0131n\u0131z i\u00e7in damar yolunda serum mevcut olacakt\u0131r. Bu esnada aya\u011fa kalkacak hale gelene kadar 4-6 saat idrar yolunda kateter duracakt\u0131r. Bu s\u00fcre\u00a0 i\u00e7inde biraz a\u011fr\u0131n\u0131z ve bulant\u0131n\u0131z olabilir . Bunlar\u0131 azaltmak i\u00e7in gerekli ila\u00e7lar serum yoluyla size verilecektir. Ge\u00e7irdiginiz ameliyat\u0131n \u015fiddetine gore 8-48 saat i\u00e7inde doktorunuzun size verece\u011fi ila\u00e7lar ile birlikte evinize gidebilirsiniz. Genellikle 5-10 g\u00fcn i\u00e7inde normal g\u00fcnl\u00fck i\u015f ve sosyal hayat\u0131n\u0131za d\u00f6nebilirsiniz.<\/p>\n<p style=\"text-align: justify;\">Laparoskopide ciddi komplikasyonlar \u00e7ok nadirdir. Ancak\u00a0 baz\u0131 durumlarda mutlaka doktorunuzu araman\u0131z gerekir:<\/p>\n<p style=\"text-align: justify;\">\u00c7ok \u015fiddetli kar\u0131n a\u011fr\u0131s\u0131<br \/>\nUzam\u0131\u015f bulant\u0131 ve kusma<br \/>\nAte\u015fin 38 ve \u00fczerine \u00e7\u0131kmas\u0131<br \/>\nKesi yerinde kanama ve puy gelmesi<br \/>\n\u0130drar yaparken a\u011fr\u0131<br \/>\n24 saati ge\u00e7ti\u011fi halde barsak hareketlerin\u0131n olmamas\u0131, \u015fi\u015fkinlik ve a\u011fr\u0131<\/p>\n<\/div>\n<\/div>\n","protected":false},"excerpt":{"rendered":"<p>J\u0130NEKOLOJ\u0130K LAPAROSKOP\u0130 NED\u0130R? Laparoskopi son 30 y\u0131ld\u0131r jinekolojide kullan\u0131lan a\u00e7\u0131k cerrahiye alternatif bir cerrahi y\u00f6ntemdir. Laparoskopide hastan\u0131n karn\u0131na bakmak i\u00e7in a\u00e7\u0131k cerrahide oldu\u011fu gibi b\u00fcy\u00fck kesiler yerine k\u00fc\u00e7\u00fck bir delikten sokulan bir kamera kullan\u0131l\u0131r. H\u0131zl\u0131 iyile\u015fme s\u00fcresi, \u00e7ok az a\u011fr\u0131 olmas\u0131, hastanede kal\u0131\u015f s\u00fcresinin k\u0131sa olmas\u0131 ve daha iyi kozmetik sonu\u00e7lar laparoskopik cerrahinin hastalar ve [&hellip;]<\/p>\n","protected":false},"author":1,"featured_media":0,"parent":0,"menu_order":0,"comment_status":"closed","ping_status":"closed","template":"","meta":{"footnotes":""},"class_list":["post-440","page","type-page","status-publish","hentry"],"_links":{"self":[{"href":"https:\/\/profdrahmetkale.com\/index.php\/wp-json\/wp\/v2\/pages\/440","targetHints":{"allow":["GET"]}}],"collection":[{"href":"https:\/\/profdrahmetkale.com\/index.php\/wp-json\/wp\/v2\/pages"}],"about":[{"href":"https:\/\/profdrahmetkale.com\/index.php\/wp-json\/wp\/v2\/types\/page"}],"author":[{"embeddable":true,"href":"https:\/\/profdrahmetkale.com\/index.php\/wp-json\/wp\/v2\/users\/1"}],"replies":[{"embeddable":true,"href":"https:\/\/profdrahmetkale.com\/index.php\/wp-json\/wp\/v2\/comments?post=440"}],"version-history":[{"count":2,"href":"https:\/\/profdrahmetkale.com\/index.php\/wp-json\/wp\/v2\/pages\/440\/revisions"}],"predecessor-version":[{"id":442,"href":"https:\/\/profdrahmetkale.com\/index.php\/wp-json\/wp\/v2\/pages\/440\/revisions\/442"}],"wp:attachment":[{"href":"https:\/\/profdrahmetkale.com\/index.php\/wp-json\/wp\/v2\/media?parent=440"}],"curies":[{"name":"wp","href":"https:\/\/api.w.org\/{rel}","templated":true}]}}