{"id":436,"date":"2022-04-10T22:01:53","date_gmt":"2022-04-10T22:01:53","guid":{"rendered":"https:\/\/demo.profdrahmetkale.com\/?page_id=436"},"modified":"2022-04-10T22:03:29","modified_gmt":"2022-04-10T22:03:29","slug":"kronik-pelvik-agri","status":"publish","type":"page","link":"https:\/\/profdrahmetkale.com\/index.php\/kronik-pelvik-agri\/","title":{"rendered":"Kronik Pelvik A\u011fr\u0131"},"content":{"rendered":"<h4 style=\"text-align: justify;\"><strong>Kronik Pelvik A\u011fr\u0131<\/strong><\/h4>\n<p style=\"text-align: justify;\">Kad\u0131nlarda kronik pelvik a\u011fr\u0131 alt\u0131 ay veya daha fazla bir s\u00fcre boyunca devam eden g\u00f6bek alt\u0131nda ve kal\u00e7a aras\u0131nda kalan alan pelvik b\u00f6lgede meydana gelen a\u011fr\u0131 anlam\u0131na gelir. Hastaya a\u011fr\u0131yan yer soruldu\u011funda hasta a\u011fr\u0131y\u0131 tek bir noktada tarif etmek yerine t\u00fcm pelvis alan\u0131 \u00fczerinde elini gezdirir. Kronik pelvik a\u011fr\u0131 ba\u015fka bir hastal\u0131\u011f\u0131n belirtisi olabilir, ya da kendi ba\u015f\u0131na bir durum olarak da tan\u0131mlanabilir.<\/p>\n<p style=\"text-align: justify;\">Kronik pelvik a\u011fr\u0131n\u0131n nedenini bulmak genellikle zordur. Bir\u00e7ok kad\u0131nda oldu\u011fu gibi, sizdeki pelvik a\u011fr\u0131y\u0131 da a\u00e7\u0131klayan spesifik bir tan\u0131 konamayabilir. Ama bu durum, a\u011fr\u0131n\u0131z\u0131n ger\u00e7ek olmad\u0131\u011f\u0131 ve tedavi edilebilir olmad\u0131\u011f\u0131 anlam\u0131na gelmez.\u00a0Hastadaki kronik pelvik a\u011fr\u0131n\u0131n kayna\u011f\u0131 bulunursa, tedaviye o neden \u00fczerinden devam edilir. E\u011fer hi\u00e7bir neden bulunamaz ise, uygulanacak tedavi kronik pelvik a\u011fr\u0131n\u0131n y\u00f6netilmesine odaklanmal\u0131d\u0131r.<\/p>\n<h4 style=\"text-align: justify;\"><strong>Belirtleri<\/strong><\/h4>\n<p style=\"text-align: justify;\">Kronik pelvik a\u011fr\u0131 \u00e7ok farkl\u0131 \u00f6zelliklerde g\u00f6r\u00fclmektedirler. Belirti ve bulgular aras\u0131nda \u015funlar vard\u0131r:<br \/>\n\u2022 \u015eiddetli ve s\u00fcrekli a\u011fr\u0131<br \/>\n\u2022 Gelip giden (aral\u0131kl\u0131) a\u011fr\u0131,<br \/>\n\u2022 Kat\u0131 ve donuk a\u011fr\u0131,<br \/>\n\u2022 Keskin a\u011fr\u0131lar veya kramp,<br \/>\n\u2022 Pelvisten gelen bas\u0131n\u00e7 veya a\u011f\u0131rl\u0131k.<\/p>\n<h4 style=\"text-align: justify;\"><strong>Buna ek olarak a\u015fa\u011f\u0131daki durumlarla kar\u015f\u0131la\u015fabilirsiniz:<\/strong><\/h4>\n<ul>\n<li style=\"text-align: justify;\">\u0130li\u015fki s\u0131ras\u0131nda a\u011fr\u0131,<\/li>\n<li style=\"text-align: justify;\">Ba\u011f\u0131rsak hareketleri s\u0131ras\u0131nda a\u011fr\u0131,<\/li>\n<li style=\"text-align: justify;\">Otururken a\u011fr\u0131.<\/li>\n<\/ul>\n<p style=\"text-align: justify;\">Rahats\u0131zl\u0131\u011f\u0131n\u0131z uzun s\u00fcre ayakta kald\u0131\u011f\u0131n\u0131zda \u015fiddetlenebilir ancak yatt\u0131\u011f\u0131n\u0131zda veya oturdu\u011funuzda b\u00fcy\u00fck ihtimalle rahatlars\u0131n\u0131z. A\u011fr\u0131 hafif yada rahats\u0131z edici olabilir; t\u00fcrleri de o kadar \u015fiddetli olabilir ki, uyuyamaz ve egzersiz yapamazs\u0131n\u0131z.<\/p>\n<h4 style=\"text-align: justify;\"><strong>Ne Zaman Bir Doktora G\u00f6r\u00fcnmeli ?<\/strong><\/h4>\n<p style=\"text-align: justify;\">Herhangi bir kronik a\u011fr\u0131 sorununda ne zaman doktora gidilmesi gerekti\u011fini bilmek zor olabilmektedir. E\u011fer pelvik a\u011fr\u0131 ile ilgili belirtileriniz k\u00f6t\u00fcle\u015fiyor ve g\u00fcnl\u00fck ya\u015fam\u0131n\u0131z\u0131 bozacak hale geliyorsa doktorunuzdan bir randevu alman\u0131z gerekir.<\/p>\n<h4 style=\"text-align: justify;\"><strong>NEDENLER\u0130<\/strong><\/h4>\n<p style=\"text-align: justify;\">\u00c7e\u015fitli jinekolojik problemler kronik pelvik a\u011fr\u0131n\u0131n kayna\u011f\u0131 olabilir. Ancak, di\u011fer hastal\u0131klar gibi irritabl barsak sendromu ve interstisyel sistit gibi rahats\u0131zl\u0131klar da pelvik a\u011fr\u0131ya neden olabilir. Buna ek olarak, psikolojik fakt\u00f6rler de a\u011fr\u0131ya katk\u0131da bulunabilir.<\/p>\n<h4 style=\"text-align: justify;\"><strong>Kronik pelvik a\u011fr\u0131n\u0131n nedenlerinden baz\u0131lar\u0131 \u015funlar:<\/strong><\/h4>\n<p style=\"text-align: justify;\">\u2022\u00a0Endometriozis. Bu durum rahim astar dokusunun rahim d\u0131\u015f\u0131nda geli\u015fmesi ile olu\u015fur. Bu doku birikintileri rahim astar\u0131n\u0131n yapt\u0131\u011f\u0131 gibi, adet d\u00f6ng\u00fcs\u00fcne yan\u0131t verir (kal\u0131nla\u015fma, k\u0131r\u0131lma, her ay kanama ve hormon d\u00fczeylerinde y\u00fckselme-d\u00fc\u015fme gibi). rahim d\u0131\u015f\u0131nda oluyor; \u00e7\u00fcnk\u00fc, kan ve doku vajina yoluyla v\u00fccudunuza \u00e7\u0131kamaz. Bu birikintiler kar\u0131nda kal\u0131r, a\u011fr\u0131yan kistlere ve skar dokusunda fibr\u00f6z bantlar\u0131na (yap\u0131\u015f\u0131kl\u0131klar) yol a\u00e7abilir.<br \/>\n\u2022\u00a0Pelvis taban kaslar\u0131nda gerginlik. Kas\u0131lmalar ya da pelvik taban kaslar\u0131n\u0131n gerginli\u011fini tekrarlayan pelvik a\u011fr\u0131lar\u0131na yol a\u00e7abilir.<br \/>\n\u2022\u00a0Kronik iltihapl\u0131 pelvik hastal\u0131k. Bu t\u00fcr genellikle cinsel yolla bula\u015fan uzun s\u00fcreli enfeksiyonlar pelvik organlarda iz b\u0131rakan bir durum olu\u015fturur.<br \/>\n\u2022\u00a0Pelvik konjesyon sendromu. Baz\u0131 doktorlar rahim ve yumurtal\u0131klar\u0131n etraf\u0131nda geni\u015flemi\u015f, varisli tip damarlar\u0131n pelvik a\u011fr\u0131ya neden olabildi\u011fini belirtmektedir. Ancak doktorlar\u0131n \u00e7o\u011fu pelvik a\u011fr\u0131n\u0131n nedeni olarak pelvik konjesyon sendromu \u00fczerinde anla\u015fam\u0131yorlar; \u00e7\u00fcnk\u00fc pelvisteki geni\u015flemi\u015f damarlar\u0131 olan kad\u0131nlar\u0131n \u00e7o\u011funda pelvik a\u011fr\u0131 ile hi\u00e7bir ili\u015fkili bulunmamaktad\u0131r.<br \/>\n\u2022\u00a0Yumurtal\u0131k kal\u0131nt\u0131s\u0131. Tam bir\u00a0histerektomi\u00a0s\u0131ras\u0131nda, yumurtal\u0131klar ve fallop t\u00fcplerinin ameliyat ile \u00e7\u0131kar\u0131lmas\u0131 sonucu rahimin i\u00e7inde yumurtal\u0131\u011f\u0131n k\u00fc\u00e7\u00fck bir par\u00e7as\u0131n\u0131n kalmas\u0131ndan dolay\u0131 daha sonra a\u011fr\u0131l\u0131 kistler geli\u015febilir.<br \/>\n\u2022\u00a0Myomlar. Bu t\u00fcr kanser olmayan uterus b\u00fcy\u00fcmeleri bas\u0131nca ya da alt kar\u0131n b\u00f6lgesinde a\u011f\u0131rl\u0131k hissine neden olabilirler. Besinlerden yoksun kal\u0131p \u00f6lmeye ba\u015flamad\u0131k\u00e7a nadiren keskin a\u011fr\u0131ya neden olurlar.<br \/>\n\u2022\u00a0\u0130rritabl ba\u011f\u0131rsak sendromu. \u015ei\u015fkinlik, kab\u0131zl\u0131k veya ishal gibi irritabl barsak sendromu ile ili\u015fkili belirtilerden kaynaklanan rahats\u0131zl\u0131klar pelvik a\u011fr\u0131 ve bas\u0131n\u00e7 kayna\u011f\u0131 olabilir.<br \/>\n\u2022\u00a0\u0130nterstisyel sistit. Mesaneye ait kronik bir iltihap ve idrara s\u0131k \u00e7\u0131kma ihtiyac\u0131 interstisyel sistite ait \u00f6zelliklerdir. Mesane bo\u015fald\u0131ktan sonra yada mesaneniz bo\u015f olmas\u0131na ra\u011fmen pelvik a\u011fr\u0131 g\u00f6r\u00fclebilir.<br \/>\n\u2022\u00a0Psikolojik fakt\u00f6rler. Depresyon, kronik stres veya cinsel ya da fiziksel istismar \u00f6yk\u00fcs\u00fc, kronik pelvik a\u011fr\u0131 riskini art\u0131rabilir. Duygusal s\u0131k\u0131nt\u0131lar a\u011fr\u0131y\u0131 daha k\u00f6t\u00fc hale getirir ve kronik a\u011fr\u0131 ile ya\u015famak da duygusal s\u0131k\u0131nt\u0131lara katk\u0131da bulunur. Bu iki fakt\u00f6r bir k\u0131s\u0131r d\u00f6ng\u00fc i\u00e7inde d\u00f6ner.<\/p>\n","protected":false},"excerpt":{"rendered":"<p>Kronik Pelvik A\u011fr\u0131 Kad\u0131nlarda kronik pelvik a\u011fr\u0131 alt\u0131 ay veya daha fazla bir s\u00fcre boyunca devam eden g\u00f6bek alt\u0131nda ve kal\u00e7a aras\u0131nda kalan alan pelvik b\u00f6lgede meydana gelen a\u011fr\u0131 anlam\u0131na gelir. Hastaya a\u011fr\u0131yan yer soruldu\u011funda hasta a\u011fr\u0131y\u0131 tek bir noktada tarif etmek yerine t\u00fcm pelvis alan\u0131 \u00fczerinde elini gezdirir. Kronik pelvik a\u011fr\u0131 ba\u015fka bir hastal\u0131\u011f\u0131n [&hellip;]<\/p>\n","protected":false},"author":1,"featured_media":0,"parent":0,"menu_order":0,"comment_status":"closed","ping_status":"closed","template":"","meta":{"footnotes":""},"class_list":["post-436","page","type-page","status-publish","hentry"],"_links":{"self":[{"href":"https:\/\/profdrahmetkale.com\/index.php\/wp-json\/wp\/v2\/pages\/436","targetHints":{"allow":["GET"]}}],"collection":[{"href":"https:\/\/profdrahmetkale.com\/index.php\/wp-json\/wp\/v2\/pages"}],"about":[{"href":"https:\/\/profdrahmetkale.com\/index.php\/wp-json\/wp\/v2\/types\/page"}],"author":[{"embeddable":true,"href":"https:\/\/profdrahmetkale.com\/index.php\/wp-json\/wp\/v2\/users\/1"}],"replies":[{"embeddable":true,"href":"https:\/\/profdrahmetkale.com\/index.php\/wp-json\/wp\/v2\/comments?post=436"}],"version-history":[{"count":3,"href":"https:\/\/profdrahmetkale.com\/index.php\/wp-json\/wp\/v2\/pages\/436\/revisions"}],"predecessor-version":[{"id":439,"href":"https:\/\/profdrahmetkale.com\/index.php\/wp-json\/wp\/v2\/pages\/436\/revisions\/439"}],"wp:attachment":[{"href":"https:\/\/profdrahmetkale.com\/index.php\/wp-json\/wp\/v2\/media?parent=436"}],"curies":[{"name":"wp","href":"https:\/\/api.w.org\/{rel}","templated":true}]}}